{"version":"1.0","provider_name":"Lux Musicae 13.-15.11.2026","provider_url":"https:\/\/luxmusicae.com\/sv\/","author_name":"Arja Alho","author_url":"https:\/\/luxmusicae.com\/sv\/author\/arja\/","title":"Lux Musicae 13.-15.11.2026 - 4.2. 1815 Charlotta L\u00f6nnqvists f\u00f6delsedag","type":"rich","width":600,"height":338,"html":"<blockquote class=\"wp-embedded-content\" data-secret=\"JUK5Nn9QTX\"><a href=\"https:\/\/luxmusicae.com\/sv\/4-2-1815-charlotta-lonnqvists-fodelsedag\/\">4.2. 1815 Charlotta L\u00f6nnqvists f\u00f6delsedag<\/a><\/blockquote><iframe sandbox=\"allow-scripts\" security=\"restricted\" src=\"https:\/\/luxmusicae.com\/sv\/4-2-1815-charlotta-lonnqvists-fodelsedag\/embed\/#?secret=JUK5Nn9QTX\" width=\"600\" height=\"338\" title=\"\u201d4.2. 1815 Charlotta L\u00f6nnqvists f\u00f6delsedag\u201d &ndash; Lux Musicae 13.-15.11.2026\" data-secret=\"JUK5Nn9QTX\" frameborder=\"0\" marginwidth=\"0\" marginheight=\"0\" scrolling=\"no\" class=\"wp-embedded-content\"><\/iframe><script type=\"text\/javascript\">\n\/* <![CDATA[ *\/\n\/*! This file is auto-generated *\/\n!function(d,l){\"use strict\";l.querySelector&&d.addEventListener&&\"undefined\"!=typeof URL&&(d.wp=d.wp||{},d.wp.receiveEmbedMessage||(d.wp.receiveEmbedMessage=function(e){var t=e.data;if((t||t.secret||t.message||t.value)&&!\/[^a-zA-Z0-9]\/.test(t.secret)){for(var s,r,n,a=l.querySelectorAll('iframe[data-secret=\"'+t.secret+'\"]'),o=l.querySelectorAll('blockquote[data-secret=\"'+t.secret+'\"]'),c=new RegExp(\"^https?:$\",\"i\"),i=0;i<o.length;i++)o[i].style.display=\"none\";for(i=0;i<a.length;i++)s=a[i],e.source===s.contentWindow&&(s.removeAttribute(\"style\"),\"height\"===t.message?(1e3<(r=parseInt(t.value,10))?r=1e3:~~r<200&&(r=200),s.height=r):\"link\"===t.message&&(r=new URL(s.getAttribute(\"src\")),n=new URL(t.value),c.test(n.protocol))&&n.host===r.host&&l.activeElement===s&&(d.top.location.href=t.value))}},d.addEventListener(\"message\",d.wp.receiveEmbedMessage,!1),l.addEventListener(\"DOMContentLoaded\",function(){for(var e,t,s=l.querySelectorAll(\"iframe.wp-embedded-content\"),r=0;r<s.length;r++)(t=(e=s[r]).getAttribute(\"data-secret\"))||(t=Math.random().toString(36).substring(2,12),e.src+=\"#?secret=\"+t,e.setAttribute(\"data-secret\",t)),e.contentWindow.postMessage({message:\"ready\",secret:t},\"*\")},!1)))}(window,document);\n\/\/# sourceURL=https:\/\/luxmusicae.com\/wp-includes\/js\/wp-embed.min.js\n\/* ]]> *\/\n<\/script>\n","description":"Charlotta L\u00f6nnqvist fr\u00e5n Siuntio var engagerad i m\u00e5nga saker. Fanjunkartorpets v\u00e4rdinn\u00e4 ordnade fester, jagade varg och tog hand om Aleksis Kivi. Festivalen Lux Musicae har ocks\u00e5 gjort Charlotas livsverk k\u00e4nt, d\u00e5 Maria Lind\u00e9n talade om denna exceptionella kvinna p\u00e5 Jag lever -Min\u00e4 el\u00e4n-festivalen. Kaija Saarikettu hade sammanst\u00e4llt verk av samtida tons\u00e4ttare till konserten &#8211; alla [&hellip;]","thumbnail_url":"https:\/\/i0.wp.com\/luxmusicae.com\/wp-content\/uploads\/2025\/07\/LuxMusicae2025_www_HEADER_KORJ.png?fit=2400%2C1600&ssl=1","thumbnail_width":2400,"thumbnail_height":1600}

Lux Musicae 13.-15.11.2026 - 4.2. 1815 Charlotta Lönnqvists födelsedag

<blockquote class="wp-embedded-content" data-secret="JUK5Nn9QTX"><a href="https://luxmusicae.com/sv/4-2-1815-charlotta-lonnqvists-fodelsedag/">4.2. 1815 Charlotta Lönnqvists födelsedag</a></blockquote><iframe sandbox="allow-scripts" security="restricted" src="https://luxmusicae.com/sv/4-2-1815-charlotta-lonnqvists-fodelsedag/embed/#?secret=JUK5Nn9QTX" width="600" height="338" title="”4.2. 1815 Charlotta Lönnqvists födelsedag” &ndash; Lux Musicae 13.-15.11.2026" data-secret="JUK5Nn9QTX" frameborder="0" marginwidth="0" marginheight="0" scrolling="no" class="wp-embedded-content"></iframe><script type="text/javascript">
/* <![CDATA[ */
/*! This file is auto-generated */
!function(d,l){"use strict";l.querySelector&&d.addEventListener&&"undefined"!=typeof URL&&(d.wp=d.wp||{},d.wp.receiveEmbedMessage||(d.wp.receiveEmbedMessage=function(e){var t=e.data;if((t||t.secret||t.message||t.value)&&!/[^a-zA-Z0-9]/.test(t.secret)){for(var s,r,n,a=l.querySelectorAll('iframe[data-secret="'+t.secret+'"]'),o=l.querySelectorAll('blockquote[data-secret="'+t.secret+'"]'),c=new RegExp("^https?:$","i"),i=0;i<o.length;i++)o[i].style.display="none";for(i=0;i<a.length;i++)s=a[i],e.source===s.contentWindow&&(s.removeAttribute("style"),"height"===t.message?(1e3<(r=parseInt(t.value,10))?r=1e3:~~r<200&&(r=200),s.height=r):"link"===t.message&&(r=new URL(s.getAttribute("src")),n=new URL(t.value),c.test(n.protocol))&&n.host===r.host&&l.activeElement===s&&(d.top.location.href=t.value))}},d.addEventListener("message",d.wp.receiveEmbedMessage,!1),l.addEventListener("DOMContentLoaded",function(){for(var e,t,s=l.querySelectorAll("iframe.wp-embedded-content"),r=0;r<s.length;r++)(t=(e=s[r]).getAttribute("data-secret"))||(t=Math.random().toString(36).substring(2,12),e.src+="#?secret="+t,e.setAttribute("data-secret",t)),e.contentWindow.postMessage({message:"ready",secret:t},"*")},!1)))}(window,document);
//# sourceURL=https://luxmusicae.com/wp-includes/js/wp-embed.min.js
/* ]]> */
</script>

Charlotta Lönnqvist från Siuntio var engagerad i många saker. Fanjunkartorpets värdinnä ordnade fester, jagade varg och tog hand om Aleksis Kivi. Festivalen Lux Musicae har också gjort Charlotas livsverk känt, då Maria Lindén talade om denna exceptionella kvinna på Jag lever -Minä elän-festivalen. Kaija Saarikettu hade sammanställt verk av samtida tonsättare till konserten &#8211; alla [&hellip;]
